{"version":"1.0","provider_name":"leBlog Prism&#039;emploi","provider_url":"https:\/\/leblog.prismemploi.eu","title":"Carole Grandjean - leBlog Prism&#039;emploi","type":"rich","width":600,"height":338,"html":"<blockquote class=\"wp-embedded-content\" data-secret=\"ute9UFGxBS\"><a href=\"https:\/\/leblog.prismemploi.eu\/index.php\/2022\/04\/08\/carole-grandjean\/\">Carole Grandjean<\/a><\/blockquote><iframe sandbox=\"allow-scripts\" security=\"restricted\" src=\"https:\/\/leblog.prismemploi.eu\/index.php\/2022\/04\/08\/carole-grandjean\/embed\/#?secret=ute9UFGxBS\" width=\"600\" height=\"338\" title=\"\u00ab\u00a0Carole Grandjean\u00a0\u00bb &#8212; leBlog Prism&#039;emploi\" data-secret=\"ute9UFGxBS\" frameborder=\"0\" marginwidth=\"0\" marginheight=\"0\" scrolling=\"no\" class=\"wp-embedded-content\"><\/iframe><script type=\"text\/javascript\">\n\/* <![CDATA[ *\/\n\/*! This file is auto-generated *\/\n!function(d,l){\"use strict\";l.querySelector&&d.addEventListener&&\"undefined\"!=typeof URL&&(d.wp=d.wp||{},d.wp.receiveEmbedMessage||(d.wp.receiveEmbedMessage=function(e){var t=e.data;if((t||t.secret||t.message||t.value)&&!\/[^a-zA-Z0-9]\/.test(t.secret)){for(var s,r,n,a=l.querySelectorAll('iframe[data-secret=\"'+t.secret+'\"]'),o=l.querySelectorAll('blockquote[data-secret=\"'+t.secret+'\"]'),c=new RegExp(\"^https?:$\",\"i\"),i=0;i<o.length;i++)o[i].style.display=\"none\";for(i=0;i<a.length;i++)s=a[i],e.source===s.contentWindow&&(s.removeAttribute(\"style\"),\"height\"===t.message?(1e3<(r=parseInt(t.value,10))?r=1e3:~~r<200&&(r=200),s.height=r):\"link\"===t.message&&(r=new URL(s.getAttribute(\"src\")),n=new URL(t.value),c.test(n.protocol))&&n.host===r.host&&l.activeElement===s&&(d.top.location.href=t.value))}},d.addEventListener(\"message\",d.wp.receiveEmbedMessage,!1),l.addEventListener(\"DOMContentLoaded\",function(){for(var e,t,s=l.querySelectorAll(\"iframe.wp-embedded-content\"),r=0;r<s.length;r++)(t=(e=s[r]).getAttribute(\"data-secret\"))||(t=Math.random().toString(36).substring(2,12),e.src+=\"#?secret=\"+t,e.setAttribute(\"data-secret\",t)),e.contentWindow.postMessage({message:\"ready\",secret:t},\"*\")},!1)))}(window,document);\n\/\/# sourceURL=https:\/\/leblog.prismemploi.eu\/wp-includes\/js\/wp-embed.min.js\n\/* ]]> *\/\n<\/script>\n","thumbnail_url":"https:\/\/leblog.prismemploi.eu\/wp-content\/uploads\/2022\/04\/Carole-Grandjean-1.jpg","thumbnail_width":709,"thumbnail_height":500,"description":"Carole Grandjean, d\u00e9put\u00e9e LREM, membre de la commission des Affaires sociales, et DRH de formation, r\u00e9pond \u00e0 nos questions et pr\u00e9sente les mesures \u00e0 d\u00e9ployer lors du prochain quinquennat pour atteindre l\u2019objectif plein-emploi."}

Carole Grandjean, députée LREM, membre de la commission des Affaires sociales, et DRH de formation, répond à nos questions et présente les mesures à déployer lors du prochain quinquennat pour atteindre l’objectif plein-emploi.
